ate 7 + 11 + -12 + 16 + -11.
11
8 - (23 + -10 + -1 + -14) - (19 + -21)
12
What is the value of 483 - 473 - ((2 - 2) + 1) - (21 + 9)?
-21
Evaluate (24 - (14 - (-36 - (17 - 37)))) + 25.
19
What is 8 + 21 + -18 + -28 - 0?
-17
Calculate (72 - 11) + 128 + -91.
98
What is the value of 3 + -4 + -32 - (-27 + 1 + 17)?
-24
What is the value of 45 + (80 - 116 - -96)?
105
Calculate (18 - 3) + 1 - (-10 - -3 - (-41 - -39)).
21
Evaluate (-9 - -1) + 12 + -7 + (7 + -4 - 6).
-6
-38 + (1 + (-12 - 1) - (-80 - -44 - -33))
-47
Calculate 35 - (-20 + 63 + -44).
36
Evaluate -43 - -45 - 20 - (4 - 66).
44
Calculate (-13 - (-5 + -10)) + (5 + 1 + -13 - -60).
55
What is (53 - 122) + (5 - -39)?
-25
What is the value of -102 - ((-8 - -1) + 13) - (28 + -35)?
-101
Evaluate 9 + 115 + 1 + -9 + 6 + 2 + -14.
110
What is -68 - ((3 - 39) + 37)?
-69
What is the value of 73 + -54 + 5 + 63?
87
What is (8 - 58) + (134 - (-10 - -11))?
83
What is -201 - -298 - (-5 - -205)?
-103
Evaluate (-39 - (15 - 47)) + (-1 - 10) + -9.
-27
Calculate -52 - (85 - 115 - (3 - 31)).
-50
What is the value of -2 + -47 + 21 - -20 - 0?
-8
What is the value of (8 - 16 - (7 - -8) - -16) + -2?
-9
What is the value of -35 + (-15 - (-14 - 30)) - (0 + -37)?
31
What is the value of (-18 - (-6 - (2 + -2))) + 4 + (-4 - 18)?
-30
Evaluate -83 + (19 - -43) + (-1 - 3).
-25
Calculate 23 + (2 - ((-41 - -37) + (9 - 5) + 2)).
23
What is -22 - (-89 + 53 + -17)?
31
Evaluate 1 + (-6 - 0) - (-59 + 4 + (10 - 19)).
59
Evaluate 0 + 4 - (14 + 1 + (-107 - -40 - -52)).
4
What is the value of 41 + -24 - (58 + 1 + -1 + -2)?
-39
What is the value of -7 - (-1 - (32 - 7)) - 11 - 16 - -20?
12
What is 14 + (-55 - -7 - 22) + -9?
-65
What is the value of (23 + -26 - ((-4 - -4) + 6)) + 1 + 24?
16
Calculate (63 - 62) + 1 + -3 + (30 - 16) + -51.
-38
What is 2 + -3 + 9 - (97 - 85 - -22)?
-26
-23 + 33 + 104 + 6 + -39
81
Calculate (-3 + 1 - (-47 - -53)) + 6 + (-24 - -152).
126
What is the value of -89 + 18 + -67 + 127?
-11
What is (11 - (1 + 6 - 14)) + (-9 - 0) + -27?
-18
Calculate -41 + -4 + (24 - 27) + 4.
-44
What is the value of 143 + 1 - (12 + 17)?
115
-4540 + 4532 - (4 + (0 - 1) + 0)
-11
What is the value of 30 + 85 + -120 - -96?
91
What is the value of 10 - (1 - ((1 - 12 - (24 + -26)) + 10))?
10
Calculate (-33 - -62 - 43) + 1 + 27 + 1.
15
What is the value of 46 + 87 - (-132 + 196)?
69
Evaluate (28 - 2) + 11 + -46 + 31.
22
Evaluate (100 - (100 - -21) - (0 + -25)) + (1 - 66).
-61
What is 153 + -208 + 1 + 4?
-50
(12 - 12) + (5 - 16) + -11 + (2 - 11)
-31
Calculate 26 + 6 + -3 + (517 - 529) - 65.
-48
Calculate -44 + (-10 - (-70 - -25)) + (1 - (1 + -30)).
21
What is -77 + 6 + 14 - (-40 - -47)?
-64
What is the value of -66 - ((19 + -16 - (-6 + 2 + -1)) + -11)?
-63
What is (37 - 42) + -3 + -92 + (-2 - -12)?
-90
What is 79 + -119 + 101 - (0 + (-3 - -6) + 2)?
56
What is the value of (-72 - 1 - -121) + 20?
68
Evaluate -1 + 5 - (9 + 19 + -29 + 21).
-16
What is the value of -1 + 1 + (-16 - ((10 - 16) + (17 - 0)))?
-27
Calculate -97 + -56 + 73 + 26.
-54
Calculate (11 - -37) + 26 + -39 + 4.
39
Evaluate ((9 - 6) + 21 + -42 - -19) + 1 + -39.
-37
Calculate -30 + 4 + (-8 + 0 - (42 - 51)).
-25
What is the value of 42 - (-2 + 2 + (8 - 12))?
46
What is (2814 - 2829) + (1 - 2 - (5 - 6))?
-15
What is the value of 13 + -37 + 10 + (123 - (-4 + 3 - -2))?
108
What is the value of 139 - ((240 - 106) + -123)?
128
-60 + (17 - (33 - (35 - 28)))
-69
What is the value of (-101 - -97) + (5 - (-57 - (1 - 8)))?
51
What is the value of 0 - -13 - (-3 + -3 + 42 - 1)?
-22
What is (-10 - -12) + (1 - -7) + 62 + 40 + -87?
25
What is -7 + 0 + (-71 - (-11 + -66)) - (-1 + 17)?
-17
Calculate -51 + (22 - 90) + 68.
-51
What is 0 + -12 - ((36 - 0) + 25 + -10 + -19)?
-44
Evaluate 0 - -32 - ((-37 - -31) + -4 + 5 + 9).
28
What is the value of -2 - (54 + -2 + 413 + -442)?
-25
What is 14 - (6 - 2) - (-37 + 12 + 16)?
19
What is the value of (32 + -47 - (10 + -17)) + 26?
18
-1027 + 1071 + (1 - 20 - -3)
28
Calculate (6 + -3 - -6) + 439 + -483.
-35
What is 1 + (0 + -4 - -40 - (14 + -31 + 22))?
32
53 + -1 - (801 + -707)
-42
Calculate 89 + (-14 - 67) - (-1 + 10).
-1
-6 + (-63 - -53) + -26
-42
Calculate (-2 + -6 - (-55 - -37)) + -82.
-72
57 - ((6 - (14 - 0)) + 9 + 10)
46
What is the value of (37 - (65 - 41)) + (22 + -23 - (-1 - -27))?
-14
Calculate (1073 - 1072 - (-15 + 2 + 2)) + -8.
4
What is the value of -2 + (-13 - -22 - (0 - -3)) + -50?
-46
Evaluate -7 + (-14 - -24) + (-14 + -15 - 15).
-41
Evaluate 29 + (-18 - 5) - (-2 + 15) - (4 - 14).
3
What is (14 - (-5 - -34)) + -44 + 11?
-48
(11 + -5 - 8 - 7) + -46 + 8
-47
Evaluate (-123 - -160) + 5 + -75.
-33
What is the value of -26 + (-61 - (4 + -90))?
-1
Calculate 5 + 11 + (-7 + 0 + 19 + -25 - -14).
17
What is 8 + (-23 - -9) - 17 - -3 - -11?
-9
Calculate -15 + (294 - 323 - (0 - 1)).
-43
What is -2 + 8 + -17 + 5 + 4 - 40?
-42
Calculate (-20 - 2) + (-244 - -245).
-21
Evaluate 35 + (-50 - 85 - -57).
-43
Calculate 30 - 43 - ((-13 - 33) + 0 + 0).
33
(-5 - -4) + 12 + (-13 - (6 + -86))
78
What is -42 + -10 - -55 - (-1 + 10) - (-5 + 0)?
-1
Evaluate (7 - -1) + (142 + -64 - 83) + (3 - -1).
7
Calculate 57 - (-73 - (58 + -135)).
53
What is (-34 - -36) + -96 + 49?
-45
What is the value of (39 - (-3 + 6)) + -50 + 27 + 42?
55
24 - 5 - (11 + -6 + (-3 - 1))
18
Calculate 329 - 287 - (6 - -17).
19
What is the value of (5 + 2 + -7 - 3) + -254 + 299?
42
What is -15 - (-126 + -14 + (-10 - -30 - 13))?
118
What is the value of 0 + 2 - (-71 - -56) - 19?
-2
Calculate (-1 - -1 - -54) + 13433 + -13459.
28
Evaluate (-25 - (6 + (0 - 18))) + 17.
4
Calculate 7 + -25 + 5 + 6 + 4 + -18.
-21
What is the value of -22 + -23 + 26 - -43?
24
Calculate 10 + 1 - (12 + (4 - 28) + -3).
26
-58 + 126 - ((-1 - -1 - (18 - 14)) + 6)
66
What is the value of -9 + (-5 - -10) - (0 + 35) - 11?
-50
Evaluate 3 - ((-16 - -3) + 0 + 6 - 3).
13
-16 - (-89 + 10) - (-1 - (14 + -6 + -6))
66
What is (-60 - ((6 - 3) + 0)) + -972 + 976?
-59
What is the value of (112 - (-29 - -32)) + -32?
77
Calculate -1 - 12 - (3 + 59) - 5.
-80
Evaluate 32 + -26 + -26 + 6 + -96 + 2.
-108
Calculate 217 + -276 - (23 + (-8 - -17)).
-91
Calculate 2 + 9 - (64 + -72).
19
What is the value of (-80 - -25 - -64) + -52?
-43
(22 - 0) + -4 + 3 + (-62 - -62)
21
2 + 0 + (-1 + -6 - (41 + -14 + -24))
-8
What is the value of 8 + -6 + 12 - (-66 - -71) - (1 - 0)?
8
Calculate (-135 - -119) + -13 + 62.
33
What is 53 + -42 + 11 - -9 - 5?
26
What is 25 + -76 + -1 + 1?
-51
Calculate (-1 - 0 - (2 - 1) - 9) + (3534 - 3514).
9
What is (48 - (22 - -7)) + -26 - (26 + 0)?
-33
Evaluate -22 + 72 + (3 - (-7 + 9 + 0)).
51
What is -12 + 5 + -15 + 12 + 2 - -2?
-6
-59 + (58 - (42 + -3))
-40
Evaluate -1 + -2 - (69 - (-98 - -187)) - (9 - 3).
11
-166 + 72 + 198 - 141
-37
-64 - -86 - (16 - (-53 + -23))
-70
-641 + 665 + (-3 - -17)
38
What is (-1 - 14) + -5 + 23 + (-2 + -24 - -2)?
-21
Calculate 0 - -6 - (-99 - -156 - (2 + -50)).
-99
What is (27 - 19 - 9 - 12) + (-1 - -30)?
16
14 - (2 - (0 + -13 + 8 - -9))
16
Calculate -44 - (77 + -47) - -127.
53
What is the value of (12 + (-4 - -14) - (-1 + -7 + 2)) + 8?
36
1 + -8 + 15 + -2 + -6 + 14
14
Calculate (-6 - (-114 + 18)) + -4.
86
What is the value of -3 + 3 + (10 - 4) + (-158 - -119)?
-33
Calculate 134 + -121 + (-4 - 1) - (-5 + 18) - 42.
-47
Calculate -1160 - -1177 - (-39 + -3 + 5).
54
What is the value of 69 + -41 - (-19 + -2 + 2)?
47
Calculate -22 + 21 + (-32 - (-17 + 3)) - (2 + -1).
-20
Calculate -58 + (128 - (9 + 87)).
-26
What is the value of (-13 - (-9 - -3)) + (-11 + 26 - 44)?
-36
Calculate -3 - (111 + (0 + -3 + -31 + 42 - 4)).
-118
What is -31 + (23 + (-19 - -29) - 9)?
-7
What is the value of (-2 + 1 - -13) + -174 + 1 + (-8 - -54)?
-115
What is the value of 23 - ((3 - -9) + 21)?
-10
What is the value of -8 + 3 + 2 + -6 + -37 + -7 + 5?
-48
Evaluate -89 - (-8 + 57 - 203).
65
What is the value of (4 - 43) + -1 + (2 - (-39 + 24)) + -5?
-28
Calculate (4 - -1) + -70 + 70 - (-56 - 8).
69
(-100 - -22) + 62 + 57
41
-9 + -2 + 2 + 2 + (52 - 15 - -6)
36
What is the value of 39 + 0 + (-170 - (-188 - -56))?
1
What is -42 + (-56 + 111 - -97)?
110
(2 - -11) + (-26 + (-13 - -44) - (7 - 3))
14
14 - (115 + -134) - (41 + 1)
-9
Calculate -1170 + 1207 - (16 - (2 - 2)).
21
436 + -428 + (-2 - (-28 - 3))
37
What is the value of (7 - (48 - 5) - -68) + -